digit of h?
3
Suppose 4*t - 847 = c, -2*t - 5*c + 853 = 2*t. Let g be (3 - 4)/((-4)/t). Suppose -4*o + 5*o = g. What is the tens digit of o?
5
Suppose 3*f = 4*j - 39, 0*j = 4*j - f - 45. What is the tens digit of ((-423)/j)/(1/(-8))?
8
Suppose 10*h = 13*h - 783. What is the tens digit of h?
6
Let p = -3468 + 6864. What is the hundreds digit of p?
3
Let j(r) = 2*r + 9 + 11*r + 0 - 6*r. What is the units digit of j(6)?
1
Let u = 99 - 32. Let k = 35 + u. What is the hundreds digit of k?
1
Let x be 10*1*3/(-2). What is the units digit of (-10)/25 - 1/(x/951)?
3
Suppose -3*d = -6*d - 36. Let x be (-35)/(-28)*d*1. Let b = 27 + x. What is the tens digit of b?
1
Suppose -2*i - 2 = -4*i. Let n = i - 6. Let p(m) = -m**2 - 6*m + 4. What is the units digit of p(n)?
9
Suppose -4*r + 3*i + 533 = -0*r, -3*i - 402 = -3*r. Suppose -461 = -4*z + r. What is the units digit of z?
8
Let m = -739 - -1231. What is the hundreds digit of m?
4
Suppose 0 = -4*l - 4, 5*p - 3*l = 42 + 1146. Let x = p + -11. What is the hundreds digit of x?
2
Let s(g) = -11*g - 2. Suppose o + 4 = -7. What is the hundreds digit of s(o)?
1
Let c be 2 + -1 + -2 + -88. Let q = c + 60. Let r = q + 53. What is the units digit of r?
4
Let s = 141 + 2120. What is the hundreds digit of s?
2
Let h = 60 + -57. What is the tens digit of 128 + (-8)/12 + (-1)/h?
2
Suppose 4*p - 4 = 6*p. What is the units digit of ((-164)/(-8))/(p/(-8))?
2
Let s(f) = -f**3 - f**2 - f + 2. Let d(v) be the second derivative of v**3/6 + 5*v. Let r be d(0). What is the units digit of s(r)?
2
Let n(a) = -a**2 + 2*a - 2. Let o(l) = -l**2 + 2*l - 1. Let k(d) = -5*n(d) + 6*o(d). Let q be k(-5). What is the units digit of 21/(-7) - (q - 0)?
8
Suppose 2*w + 3611 = -17*s + 20*s, w - 1212 = -s. What is the thousands digit of s?
1
Let w(n) = -n**2 + n + 6. Let p be w(-3). What is the tens digit of p/(-8) - 321/(-4)?
8
Let q = -35 - -82. Let o be (-1)/(-2) + (-279)/(-2). What is the units digit of (-1)/(o/q + -3)?
7
Let o = -9 + 1127. What is the hundreds digit of o?
1
Let l = -1352 - -2410. What is the units digit of l?
8
Let v(m) = m**3 + 6*m**2 + m + 2. Let j be v(-4). Let q be (12/21)/(6/21). Suppose q*l - j = -l. What is the tens digit of l?
1
Suppose -t = 6*t + 826. Let l = t + 126. What is the units digit of l?
8
Suppose r - 1 = -0, 0 = 5*t - 3*r + 28. What is the tens digit of (4 + -9)/t - -57?
5
Let x(v) = -v**2 + 4*v + 25. Let h be x(7). Suppose -7*k + h = -3*k. What is the units digit of k?
1
Suppose -3*l - 4*a - 102 = -18, -l - 9 = -5*a. Let k be ((-72)/32)/((-2)/l). Let t = -14 - k. What is the tens digit of t?
1
What is the tens digit of (-3842)/(-21) - 1/(-21)?
8
Let k(l) = 123*l**3 + l**2 + 2*l - 2. Let p be k(2). Suppose -p = -28*m + 19*m. What is the units digit of m?
0
Suppose -4*p = -10 - 2. Let o = 507 + -479. Suppose -p = -f + o. What is the units digit of f?
1
What is the hundreds digit of 964 + 1 - (-24 - -18)?
9
Let h(y) = 3*y**2 + y. Let w be h(-1). Suppose -3*r + 3*d + 1419 = w*r, -3*d + 291 = r. What is the units digit of r?
5
Suppose -3*i = 5*y - 13, -2*i + 13 = 5*y + 1. Let c be (-1290)/(-36) - y/(-12). Suppose -4*u + c = 2*z, 0 = -3*z - 0*u - 3*u + 51. What is the tens digit of z?
1
Let m = -214 - -449. Suppose 2*d - m = t + 4*t, 4*t + d = -175. What is the units digit of 24/t*-12*5?
2
Let f(t) = t**3 + 16*t**2 + 12*t - 3. Suppose 0 = 3*z - 4*z - 15. What is the tens digit of f(z)?
4
Let z = -12 - -13. Suppose -z = -g + 4. What is the tens digit of 0 + 4 + 2 + g?
1
Let u(z) = z**2 + 3*z. Let d = 49 + -53. What is the units digit of u(d)?
4
What is the hundreds digit of 6 + -13 + 75*14?
0
Let s(o) = -2*o - 2. Let z be s(-1). Suppose z = -2*d - 4*d + 270. Suppose -3*u + 4*a + d = 0, 2*u + 4*a - 15 = u. What is the tens digit of u?
1
Suppose 3*d - 6*s = -s + 720, -2*d + 480 = 5*s. Suppose 0 = -5*f + f + d. What is the tens digit of f?
6
Let i be 6/((-3)/(450/(-3))). Suppose 4*m - 167 = -r, 0 = 2*r + 4*m - i - 30. What is the hundreds digit of r?
1
Suppose -2*v - 37 = 2*z + 3*z, 25 = -5*z. Let p = v + 26. What is the units digit of p?
0
Let a = -324 - -383. What is the units digit of a?
9
Suppose 0 = -3*b - n - 379, b + 116 + 9 = n. What is the units digit of (5/3)/((-35)/b)?
6
Suppose 3*u - 288 - 882 = 2*f, 3*u - 5*f = 1161. What is the hundreds digit of u?
3
Let r be (4/6)/((-1)/(-12)). Let t(p) = 24*p**2 - 23*p + 12. Let j(z) = 13*z**2 - 12*z + 6. Let a(k) = -11*j(k) + 6*t(k). What is the units digit of a(r)?
2
Let p(t) = 1003*t**2 + 45*t - 86. What is the tens digit of p(2)?
1
Suppose 3*n - 5*b = 840, -4*n - 227 + 1347 = -2*b. What is the units digit of n?
0
Suppose -4*f + 7580 = -0*f - 2*t, 0 = -f - 2*t + 1895. What is the thousands digit of f?
1
Let m be 190*(-1)/(-3)*3 + -2. What is the units digit of (m/5)/((-2)/(-5))?
4
Suppose -5*x - 2*a + 2701 = 0, 4*x + 2*a = 1362 + 798. What is the tens digit of x?
4
Suppose 0 = -3*k + 3*d + 14163, -3*d + 4*d - 14159 = -3*k. What is the hundreds digit of k?
7
Suppose k = 24*k - 40296. What is the tens digit of k?
5
Let y be (8/(-24))/(2/(-18)). Suppose 0 = 2*h + y*h + 100. Let i = -17 - h. What is the units digit of i?
3
Let a = -3 + 3. Let f = -118 - -124. Suppose a = -f*y + 9*y - 21. What is the units digit of y?
7
Let z be 2/(-4) - 18/4. Let x(c) = -c**2 - 6*c - 5. Let j be x(z). Suppose 0 = -2*u - 5*k + 21 + 10, -4*u - k + 89 = j. What is the tens digit of u?
2
Let v be 2 - 1/((-3)/(-81)). Let q = 27 + v. Let n(c) = 11*c + 1. What is the units digit of n(q)?
3
Let r = 6 + -13. Let b be (-18)/15*(-2 - r). Let v = 13 - b. What is the tens digit of v?
1
Suppose 566*i - 574*i = -4480. What is the hundreds digit of i?
5
What is the hundreds digit of (-32766)/(-63) - (-18)/(-189)?
5
Let s = 1054 + -572. What is the hundreds digit of s?
4
Let m(p) = -5*p**3 + 8*p**2 + 17*p. Let a(l) = l**3 - 2*l**2 - 4*l. Let q(u) = 9*a(u) + 2*m(u). What is the units digit of q(-3)?
5
Let c(i) = -4*i**3 + 7*i**2 - i - 5. Let l(w) = -w**3 - w**2 + w - 1. Let o(q) = -c(q) + 5*l(q). What is the tens digit of o(-13)?
9
Let h(t) be the first derivative of -t**4/4 + 10*t**3/3 - t**2/2 - 21*t - 7. What is the tens digit of h(6)?
1
Suppose -4*g = -0*g + 8. Let o be (-1 + g)/(3/(-4)). Let v = o + -1. What is the units digit of v?
3
Let d = -575 - -1131. What is the tens digit of d?
5
Suppose 0 = 4*q - 0*q - 8. Let l(b) = 1 + 2*b**2 + b**q + 3 - 23*b + 0*b**2. What is the units digit of l(10)?
4
Suppose 4*g = 94*g - 208530. What is the units digit of g?
7
Suppose -4*b - 4*b + 40 = 0. Suppose -w = -c + 148, b*c = -3*w + 2*w + 722. What is the units digit of c?
5
Let h be (-538)/4 - (-5)/(-10). Let m = -46 - h. Suppose -5*x + m = -116. What is the tens digit of x?
4
Let q be 1 + 4/(16/(-11484)). What is the tens digit of q/(-55) - 8/44?
5
Suppose 0 = 23*v - 13*v + 1800. Let i = 353 + v. What is the hundreds digit of i?
1
Let j(f) = -f**2. Let w(p) = 26*p**2 - 1. Let z(y) = j(y) + w(y). Let s(c) = -c**2 - 5*c - 1. Let k be s(-5). What is the units digit of z(k)?
4
Suppose -2*u = -u + 9. Let i(k) be the second derivative of k**5/20 + 2*k**4/3 - 5*k**3/3 - k**2 + 2*k. What is the units digit of i(u)?
7
Let p = -20 + 13. Let r = 1 - p. Let t = r - -7. What is the tens digit of t?
1
What is the hundreds digit of (-2 - (-20)/9) + (-31976)/(-126)?
2
What is the hundreds digit of 3748/30 - (-31)/465?
1
What is the units digit of 8690/30 - 6/9?
9
Suppose -10 = 5*h, n - 2*h = 2*h + 8. Suppose -5*z - 4*l - 19 = n, -3*z + 3*l = -2*z. Let x = z + 14. What is the units digit of x?
1
Let a = -86 - -88. Suppose a*h - 616 = -176. What is the hundreds digit of h?
2
Let k(f) = f**3 + 7*f**2 + 2*f - 5. Let y be k(-6). Suppose -16*g = -y*g. Suppose s = -2*p + 39, g*s + 3*p = 3*s - 99. What is the units digit of s?
5
Let f(k) be the first derivative of k**3 + 7*k**2 + 38*k - 15. What is the tens digit of f(-8)?
1
Let v = -44 + 48. Suppose 70 = 2*r + v*b, -b = -2*r + 7*r - 166. What is the units digit of r?
3
Suppose -j + 2*y = -18, 22 = 5*j - 3*j + 3*y. Suppose -4*a + 2*p + j + 10 = 0, 5*a + p = 23. Suppose a = -i + 23. What is the tens digit of i?
1
Let p(n) = -n**3 - 9*n**2 - 16*n + 8. Let y(k) = -k**3 - k + 1. Let z(b) = p(b) - 2*y(b). What is the units digit of z(11)?
4
Suppose 3*l - 10 = -2*l + 5*q, -5*l 